
Is 43 a factor of 1570?
False
Does 8 divide 807?
False
Is 460 a multiple of 20?
True
Is 380 a multiple of 20?
True
Does 9 divide 175?
False
Does 4 divide 5575?
False
Is 45 a factor of 1229?
False
Is 33 a factor of 1439?
False
Is 14587 a multiple of 20?
False
Is 735 a multiple of 35?
True
Is 1740 a multiple of 38?
False
Is 3008 a multiple of 94?
True
Does 170 divide 37400?
True
Is 51 a factor of 64910?
False
Is 14807 a multiple of 18?
False
Is 33 a factor of 14821?
False
Does 37 divide 1383?
False
Does 39 divide 2808?
True
Is 7 a factor of 14329?
True
Is 13 a factor of 1014?
True
Is 10884 a multiple of 6?
True
Does 44 divide 3799?
False
Does 30 divide 11880?
True
Is 21 a factor of 3546?
False
Is 7 a factor of 19?
False
Is 360 a multiple of 8?
True
Is 2174 a multiple of 31?
False
Is 86009 a multiple of 17?
False
Does 14 divide 644?
True
Is 35 a factor of 17118?
False
Is 9764 a multiple of 44?
False
Does 12 divide 192?
True
Does 10 divide 140?
True
Is 91 a factor of 637?
True
Does 19 divide 3070?
False
Does 13 divide 4745?
True
Is 6552 a multiple of 126?
True
Does 3 divide 33?
True
Is 19 a factor of 1083?
True
Does 13 divide 8892?
True
Is 4176 a multiple of 24?
True
Is 72923 a multiple of 9?
False
Is 18 a factor of 6033?
False
Is 19 a factor of 817?
True
Does 44 divide 4356?
True
Is 231 a multiple of 16?
False
Is 24527 a multiple of 30?
False
Is 21 a factor of 5229?
True
Does 15 divide 1224?
False
Does 99 divide 3678?
False
Does 39 divide 156?
True
Is 4 a factor of 145?
False
Is 412 a multiple of 6?
False
Is 369 a factor of 99630?
True
Does 20 divide 2900?
True
Does 16 divide 1245?
False
Does 25 divide 2925?
True
Does 38 divide 722?
True
Does 23 divide 8878?
True
Is 15268 a multiple of 22?
True
Is 6015 a multiple of 5?
True
Is 3 a factor of 223?
False
Is 60 a factor of 20400?
True
Is 20 a factor of 7522?
False
Does 21 divide 1010?
False
Is 4590 a multiple of 15?
True
Does 8 divide 2293?
False
Is 8 a factor of 1008?
True
Does 9 divide 7570?
False
Does 143 divide 4004?
True
Does 23 divide 5359?
True
Is 454 a multiple of 54?
False
Is 19 a factor of 10451?
False
Is 1680 a multiple of 14?
True
Is 16 a factor of 22720?
True
Is 13 a factor of 2607?
False
Does 13 divide 7560?
False
Does 48 divide 135965?
False
Is 215 a factor of 7457?
False
Is 10 a factor of 18580?
True
Does 2 divide 1487?
False
Is 6963 a multiple of 33?
True
Is 7 a factor of 4744?
False
Is 88 a factor of 12416?
False
Does 6 divide 217?
False
Is 166 even?
True
Is 2 a factor of 283?
False
Is 9574 a multiple of 49?
False
Does 37 divide 10737?
False
Is 2 a factor of 945?
False
Does 12 divide 19967?
False
Is 17 a factor of 454?
False
Is 19 a factor of 20201?
False
Does 57 divide 4674?
True
Is 2594 a multiple of 5?
False
Does 11 divide 887?
False
Is 186 a factor of 107136?
True
Does 79 divide 869?
True
Does 15 divide 10965?
True
Does 28 divide 2470?
False
Is 11 a factor of 1913?
False
Is 1170 a multiple of 90?
True
Is 4512 a multiple of 2?
True
Is 72811 a multiple of 58?
False
Does 18 divide 2520?
True
Does 4 divide 27200?
True
Is 14 a factor of 997?
False
Is 63 a factor of 22400?
False
Is 9 a factor of 404?
False
Is 39 a factor of 9526?
False
Does 247 divide 2223?
True
Is 57 a factor of 4902?
True
Does 29 divide 247?
False
Does 13 divide 2223?
True
Does 8 divide 100?
False
Is 168 a factor of 6261?
False
Does 236 divide 21864?
False
Is 13 a factor of 3471?
True
Does 10 divide 1311?
False
Is 1920 a multiple of 120?
True
Is 10 a multiple of 10?
True
Is 4646 a multiple of 23?
True
Does 113 divide 2486?
True
Is 145 a factor of 41236?
False
Is 9120 a multiple of 12?
True
Is 5688 a multiple of 4?
True
Is 852 a multiple of 7?
False
Does 51 divide 2499?
True
Does 51 divide 1107?
False
Is 14 a factor of 190?
False
Is 6 a factor of 2932?
False
Is 5152 a multiple of 14?
True
Does 29 divide 20242?
True
Does 6 divide 248?
False
Is 5041 a multiple of 16?
False
Is 11 a factor of 18?
False
Is 1723 a multiple of 10?
False
Does 88 divide 16847?
False
Is 10500 a multiple of 60?
True
Is 42 a multiple of 3?
True
Is 720 a multiple of 48?
True
Is 73 a factor of 2063?
False
Is 25 a factor of 670?
False
Is 1968 a multiple of 8?
True
Does 12 divide 256?
False
Does 13 divide 149826?
False
Does 50 divide 2305?
False
Is 6 a factor of 498?
True
Is 55488 a multiple of 64?
True
Is 41 a multiple of 3?
False
Is 43 a factor of 1591?
True
Is 130 a multiple of 7?
False
Is 1495 a multiple of 13?
True
Does 19 divide 42007?
False
Is 12 a factor of 69144?
True
Does 35 divide 2039?
False
Is 155 a factor of 12245?
True
Is 2342 a multiple of 73?
False
Is 4395 a multiple of 115?
False
Is 100 a factor of 4413?
False
Is 435 a multiple of 29?
True
Does 12 divide 3030?
False
Does 42 divide 16605?
False
Is 3 a factor of 5543?
False
Does 76 divide 19532?
True
Is 40 a factor of 1560?
True
Is 34736 a multiple of 167?
True
Is 81 a factor of 2119?
False
Does 13 divide 123?
False
Does 3 divide 104?
False
Is 24 a factor of 79483?
False
Does 18 divide 485?
False
Does 11 divide 5520?
False
Is 36 a factor of 1395?
False
Is 74 a factor of 11071?
False
Is 29 a factor of 385?
False
Is 85347 a multiple of 154?
False
Is 10 a factor of 320?
True
Is 6060 a multiple of 6?
True
Is 4150 a multiple of 50?
True
Is 33458 a multiple of 109?
False
Does 21 divide 3045?
True
Does 31 divide 12958?
True
Is 2193 a multiple of 86?
False
Is 59 a factor of 5605?
True
Is 12 a factor of 24924?
True
Does 15 divide 17595?
True
Is 4201 a multiple of 13?
False
Does 21 divide 191?
False
Is 2420 a multiple of 20?
True
Does 75 divide 32175?
True
Is 23 a factor of 1860?
False
Is 17 a factor of 10900?
False
Is 5 a factor of 7215?
True
Is 13 a factor of 423?
False
Is 8 a factor of 224?
True
Does 6 divide 389?
False
Is 8 a factor of 29720?
True
Is 117394 a multiple of 15?
False
Is 141 a factor of 13677?
True
Is 1094 a multiple of 29?
False
Is 953 a multiple of 24?
False
Is 3 a factor of 7172?
False
Does 9 divide 1827?
True
Is 22 a factor of 992?
False
Does 21 divide 12303?
False
Is 630 a multiple of 42?
True
Is 753 a multiple of 10?
False
Does 51 divide 2805?
True
Does 10 divide 155?
False
Does 7 divide 2400?
False
Is 10 a factor of 4030?
True
Does 181 divide 15771?
False
Does 8 divide 18604?
False
Is 47 a factor of 1717?
False
Is 9150 a multiple of 50?
True
Does 11 divide 19?
False
Does 2 divide 566?
True
Does 35 divide 4270?
True
Is 47 a factor of 11774?
False
Is 1626 a multiple of 80?
False
Does 65 divide 5013?
False
Is 31 a factor of 11161?
False
Is 11 a factor of 251?
False
Is 7828 even?
True
Does 44 divide 1716?
True
Does 21 divide 22?
False
Does 11 divide 209?
True
Is 3 a factor of 3313?
False
Is 101 a factor of 1616?
True
Does 55 divide 1671?
False
Is 18 a factor of 8100?
True
Does 24 divide 1392?
True
Is 816 a multiple of 8?
True
Does 12 divide 1079?
False
Is 45 a factor of 2107?
False
Is 10 a factor of 1000?
True
Is 13687 a multiple of 23?
False
Is 96 a factor of 23414?
False
Does 26 divide 288?
False
Is 1450 a multiple of 43?
False
Does 15 divide 43921?
False
Does 29 divide 33495?
True
Does 26 divide 4160?
True
Does 39 divide 8970?
True
Does 13 divide 7800?
True
Is 126 a multiple of 42?
True
Does 22 divide 1254?
True
Is 18 a factor of 3672?
True
Is 270 a multiple of 6?
True
Is 6 a factor of 4934?
False
Is 61 a factor of 1159?
True
Is 11 a factor of 275?
True
Is 4 a factor of 79?
False
Is 65 a factor of 1178?
False
Is 9 a factor of 16758?
True
Does 8 divide 144?
True
Is 17178 a multiple of 120?
False
Is 44159 a multiple of 17?
False
Is 59 a factor of 1277?
False
Does 58 divide 4894?
False
Is 287 a factor of 77771?
False
Is 1996 a multiple of 5?
False
Does 3 divide 447?
True
Is 63 a factor of 9715?
False
Is 408 a multiple of 13?
False
Does 9 divide 42831?
True
Is 481 a multiple of 4?
False
Is 45110 a multiple of 26?
True
Is 57249 a multiple of 20?
False
Does 8 divide 128?
True
Is 50 a factor of 1101?
False
Is 41 a factor of 16974?
True
Does 9 divide 353?
False
Is 112561 a multiple of 31?
True
Is 417 a multiple of 19?
False
Is 200 a factor of 34745?
False
Is 15 a factor of 124?
False
Does 43 divide 679?
False
Is 321 a multiple of 11?
False
Is 1278 a multiple of 71?
True
Is 2887 a multiple of 31?
False
Is 67 a factor of 2278?
True
Is 11 a factor of 18461?
False
Does 46 divi